ided by 365?
164
Calculate the remainder when 2169971227 is divided by 3374.
3371
What is the remainder when 1277021 is divided by 228?
221
Calculate the remainder when 28124 is divided by 146.
92
Calculate the remainder when 189085214 is divided by 63028404.
2
What is the remainder when 267212 is divided by 26405?
3162
What is the remainder when 7447708 is divided by 57290?
8
Calculate the remainder when 8501432 is divided by 1026.
1022
What is the remainder when 172121 is divided by 9058?
19
Calculate the remainder when 75138 is divided by 18517.
1070
Calculate the remainder when 73148 is divided by 833.
677
Calculate the remainder when 28633 is divided by 2513.
990
What is the remainder when 317036 is divided by 557?
103
Calculate the remainder when 17964724 is divided by 8.
4
Calculate the remainder when 151968382 is divided by 191.
187
What is the remainder when 520673 is divided by 1115?
1083
Calculate the remainder when 920862 is divided by 2952.
2790
Calculate the remainder when 1563795 is divided by 27.
9
What is the remainder when 945585 is divided by 472778?
29
Calculate the remainder when 66150837 is divided by 244.
241
Calculate the remainder when 3326 is divided by 360.
86
What is the remainder when 25417145 is divided by 13190?
15
Calculate the remainder when 67911981 is divided by 33939.
42
Calculate the remainder when 29458765 is divided by 135.
10
Calculate the remainder when 37795351 is divided by 4199472.
103
What is the remainder when 3118598 is divided by 1559291?
16
What is the remainder when 115163 is divided by 1140?
23
What is the remainder when 1487326 is divided by 10045?
666
What is the remainder when 5623087 is divided by 38?
37
What is the remainder when 57436 is divided by 823?
649
What is the remainder when 1360230 is divided by 2286?
60
Calculate the remainder when 47413781 is divided by 1326.
1325
Calculate the remainder when 7376 is divided by 1780.
256
What is the remainder when 4269154 is divided by 609868?
78
Calculate the remainder when 4216218 is divided by 3221.
3150
What is the remainder when 281169899 is divided by 36?
35
What is the remainder when 116975600 is divided by 116975599?
1
Calculate the remainder when 162859 is divided by 17906.
1705
Calculate the remainder when 26847381 is divided by 154.
99
What is the remainder when 106776 is divided by 5?
1
What is the remainder when 695967 is divided by 364?
363
What is the remainder when 603246 is divided by 1155?
336
What is the remainder when 2033954169 is divided by 18?
15
What is the remainder when 22749468 is divided by 219?
186
What is the remainder when 56670350 is divided by 2274?
2270
What is the remainder when 765558793 is divided by 5405?
5403
Calculate the remainder when 74429 is divided by 24781.
86
Calculate the remainder when 17731 is divided by 3617.
3263
Calculate the remainder when 227758635 is divided by 44.
27
Calculate the remainder when 547222 is divided by 818.
798
What is the remainder when 248232 is divided by 1459?
202
What is the remainder when 39682546 is divided by 7936507?
11
Calculate the remainder when 67834876 is divided by 17.
14
What is the remainder when 6518364 is divided by 9982?
118
What is the remainder when 9069 is divided by 3094?
2881
Calculate the remainder when 70074 is divided by 8726.
266
What is the remainder when 20814281 is divided by 20?
1
What is the remainder when 1114628 is divided by 437?
278
Calculate the remainder when 110928517 is divided by 1297.
1295
What is the remainder when 49127736 is divided by 58?
54
Calculate the remainder when 15213307 is divided by 639.
634
Calculate the remainder when 137438 is divided by 929.
875
Calculate the remainder when 113846 is divided by 1498.
1496
Calculate the remainder when 831201 is divided by 2856.
105
Calculate the remainder when 547040875 is divided by 3529.
3527
What is the remainder when 1185413 is divided by 35?
33
Calculate the remainder when 41679 is divided by 504.
351
Calculate the remainder when 17418838 is divided by 24.
22
What is the remainder when 25635464 is divided by 10472?
8
Calculate the remainder when 1318928 is divided by 25364.
0
What is the remainder when 32954543 is divided by 465?
458
What is the remainder when 42244260 is divided by 40004?
36
Calculate the remainder when 2403933 is divided by 319.
268
What is the remainder when 77126 is divided by 456?
62
Calculate the remainder when 474992 is divided by 158305.
77
Calculate the remainder when 278800 is divided by 137506.
3788
Calculate the remainder when 62609 is divided by 3913.
1
Calculate the remainder when 20453412 is divided by 24.
12
Calculate the remainder when 214158 is divided by 1447.
2
Calculate the remainder when 15729230 is divided by 3932297.
42
Calculate the remainder when 4835402 is divided by 483519.
212
Calculate the remainder when 7726016 is divided by 529.
500
Calculate the remainder when 303262 is divided by 101067.
61
Calculate the remainder when 33728 is divided by 1347.
53
Calculate the remainder when 189444371 is divided by 5303.
5302
What is the remainder when 440949516 is divided by 75?
66
Calculate the remainder when 22411572 is divided by 28.
8
Calculate the remainder when 144358794 is divided by 209.
195
What is the remainder when 16736 is divided by 16720?
16
What is the remainder when 45195 is divided by 983?
960
What is the remainder when 28720 is divided by 42?
34
What is the remainder when 33662 is divided by 1825?
812
What is the remainder when 5812158 is divided by 290600?
158
Calculate the remainder when 420476 is divided by 773.
737
Calculate the remainder when 10243605 is divided by 300.
105
What is the remainder when 201650166 is divided by 8?
6
Calculate the remainder when 5920269 is divided by 201.
15
What is the remainder when 22626140 is divided by 6361?
63
Calculate the remainder when 778069 is divided by 964.
121
What is the remainder when 52947633 is divided by 6161?
6160
What is the remainder when 1088073 is divided by 1902?
129
What is the remainder when 142857 is divided by 933?
108
What is the remainder when 7178756 is divided by 2003?
4
What is the remainder when 221371 is divided by 109891?
1589
What is the remainder when 729399 is divided by 80?
39
What is the remainder when 8244055 is divided by 17?
7
Calculate the remainder when 49233 is divided by 1051.
887
Calculate the remainder when 3565805 is divided by 111.
41
Calculate the remainder when 2733567 is divided by 2733551.
16
What is the remainder when 20065 is divided by 18176?
1889
What is the remainder when 437440 is divided by 215627?
6186
What is the remainder when 9264341 is divided by 75?
41
What is the remainder when 87881 is divided by 29267?
80
Calculate the remainder when 62805866 is divided by 414.
410
What is the remainder when 186795998 is divided by 500?
498
What is the remainder when 3322888 is divided by 10450?
10238
What is the remainder when 459420 is divided by 86?
8
Calculate the remainder when 57502557 is divided by 26.
21
Calculate the remainder when 1526700 is divided by 608.
12
What is the remainder when 12550941 is divided by 12?
9
Calculate the remainder when 1225634 is divided by 612814.
6
Calculate the remainder when 805095 is divided by 158.
85
Calculate the remainder when 5913551 is divided by 1859.
72
Calculate the remainder when 27513372 is divided by 1855.
12
Calculate the remainder when 20477646 is divided by 398.
148
Calculate the remainder when 5298233 is divided by 502.
125
What is the remainder when 62552 is divided by 20629?
665
What is the remainder when 149556 is divided by 217?
43
What is the remainder when 415971 is divided by 44?
39
What is the remainder when 346762 is divided by 2688?
10
What is the remainder when 16164640 is divided by 4041141?
76
What is the remainder when 844010 is divided by 45?
35
Calculate the remainder when 10985607 is divided by 323106.
3
Calculate the remainder when 1081106 is divided by 359988.
1142
What is the remainder when 42262742 is divided by 133?
130
What is the remainder when 239094 is divided by 118921?
1252
What is the remainder when 34108 is divided by 613?
393
Calculate the remainder when 2067039 is divided by 418.
29
Calculate the remainder when 48958598 is divided by 66.
62
C